ors of i?
3
Let c = 433 + -100. What are the prime factors of c?
3, 37
Suppose -4*o + 64 = -2*s - 2*s, o - 5*s - 8 = 0. Suppose -6*u = -m - u - o, -3*m = -u - 2. What are the prime factors of 12*m*(-1)/(-2)?
2, 3
List the prime factors of -1761*((-44)/12 + 3 + 0).
2, 587
What are the prime factors of (2 - 16/12)*(-3447)/(-6)?
383
Let c = 67 + -7. What are the prime factors of c*((-54)/(-30))/3?
2, 3
Suppose -w + 1058 = 5*c - 2444, -w + 2802 = 4*c. List the prime factors of c.
2, 5, 7
List the prime factors of (218/4)/(2/4).
109
List the prime factors of 450/(-48)*-4*4/3.
2, 5
Let x(v) = v**3 + 22*v**2 - 13*v - 43. Suppose -3*i + 5*w - 66 = 0, i + 5*w = -3*i - 88. List the prime factors of x(i).
3
Let b(p) = -2*p + 38. Let o be b(20). List the prime factors of (6 - (2 - -2))/(o/(-118)).
2, 59
Let m be 2/(-6)*(5 + 52). Let l = 27 + m. List the prime factors of l.
2
Suppose 18*d = 13*d - 10. List the prime factors of (-14)/(-3)*51 + (d - 2).
2, 3, 13
Suppose -w - 37 = 4*g, 0 = 3*g - 2*w - w + 39. Let v = 58 - g. What are the prime factors of v?
2, 17
Suppose -49*x - 5616 = -61*x. List the prime factors of x.
2, 3, 13
Let o = -2678 - -4001. List the prime factors of o.
3, 7
What are the prime factors of 4/2 - (-106 + -22)?
2, 5, 13
Let o(i) = i**3 - 6*i**2 - 7*i - 4. Let x be o(7). Suppose -3*v + 61 = -4*f + 3*f, -2*v + 49 = f. Let r = v + x. List the prime factors of r.
2, 3
What are the prime factors of 3*(-133 - 2)*19/(-57)?
3, 5
Let r be -12 - (1 + -2 + 5). Let i = r + 2. What are the prime factors of (15 - 0)*i/(-21)?
2, 5
Suppose 21*t = 8*t + 6851. What are the prime factors of t?
17, 31
Suppose 0 = 2*k - k - 4, -u = -k + 11. Let i(w) = -3*w - 2. What are the prime factors of i(u)?
19
Let n(o) be the second derivative of o**4/12 + 4*o**3/3 + 23*o. Suppose -5*f + 50 = -10*f. What are the prime factors of n(f)?
2, 5
Suppose -2*n + 264 = -24. List the prime factors of n.
2, 3
Let k = 47 + -45. Suppose -o + k*o = 60. What are the prime factors of o?
2, 3, 5
Let s = 28 + -20. Let j = 7 - s. What are the prime factors of 3 + (1 - (j + 0))?
5
Let h be (-24)/6 - (-21 - 0). Suppose 1 - h = -2*v. Suppose v*l - 111 = 5*l. What are the prime factors of l?
37
Let l be (-3 + 1)*(-52 - -2). Suppose 5*s - 4*y - 23 = 75, -5*s + l = -5*y. Let x = s - -6. List the prime factors of x.
2, 3
Suppose 3*k = -3*j + 5028, 0 = 380*k - 375*k - 4*j - 8380. What are the prime factors of k?
2, 419
Suppose 6*x = x - 80. Let n(y) = y**3 + 3*y + 4. Let t be n(-2). Let j = t - x. What are the prime factors of j?
2, 3
What are the prime factors of (-109504)/(-203) + (-4)/(-7)?
2, 3, 5
Let m(s) be the third derivative of -s**5/60 - 3*s**4/4 + 4*s**3/3 - 2*s**2. Let v be m(-6). List the prime factors of v/(-15)*60/(-16).
2, 5
Let y(q) be the first derivative of -q**4/2 - q**3 - q**2/2 + 6*q + 18. What are the prime factors of y(-3)?
2, 3
Let a(z) = -3*z - 1. Let o be a(-2). Suppose 166 = 5*w - 3*x, 3*x - 4 = o. List the prime factors of w.
5, 7
Let x(z) = -z**3 - 17*z**2 - 16*z - 4. Let t be x(-16). What are the prime factors of (5/(-2))/5*t?
2
Let a(p) = p - 1. Let t(o) = -o**2 - 16*o + 14. Let h(x) = -4*a(x) + t(x). What are the prime factors of h(-14)?
2, 3, 17
Let w = 87 - -128. Suppose -w = -10*z + 345. What are the prime factors of z?
2, 7
Let w = 2057 - -448. What are the prime factors of w?
3, 5, 167
Suppose -243*t + 1608 = -239*t. What are the prime factors of t?
2, 3, 67
Let k(f) = f**2 - 4*f + 2. Let g be ((-12)/21 - (-72)/(-21))*-1. List the prime factors of k(g).
2
Let l(d) = -d**3 - 3*d**2 + 6*d - 4. Let w(i) = -4 + 5 + 4 - 4*i**2 + 9*i + 3*i**2. Let g be w(10). List the prime factors of l(g).
2
Let v = 77 - 26. What are the prime factors of -4 + 35/15*v?
5, 23
List the prime factors of (-1 - (-2 - 65)) + 47 + -41.
2, 3
Suppose 4*o + 2*j - 6*j = 8, -o + 5*j + 18 = 0. Let u be 3/(o*3/(-8)). Suppose 3*f = -u*i - 0*f + 91, 2*i - 2*f - 28 = 0. List the prime factors of i.
19
Let q(g) = 14*g**2 + g - 9. List the prime factors of q(-6).
3, 163
What are the prime factors of 0 - -1 - (10 + -3850)/8?
13, 37
Let w = -27 + -87. Let d = -198 - w. Let c = -32 - d. List the prime factors of c.
2, 13
Let g be (294/(-8))/((-4)/96*2). Suppose -3*l - k = 4*k - g, 4*l = 5*k + 553. What are the prime factors of l?
2, 71
Let f(k) = k**3 - 13*k**2 + 8*k + 12. Let l(s) = -s + 3 - 6 + 5 - 1. Let t(n) = -f(n) + 3*l(n). What are the prime factors of t(12)?
3
Let c = 2542 - 2204. What are the prime factors of c?
2, 13
Let s(v) = 62*v**2 - 9*v + 13. What are the prime factors of s(2)?
3
Let w = -14 + 16. Suppose -4*n = -3*n + 1, w*s - 2*n - 136 = 0. What are the prime factors of s/2 - 15/(-30)?
2, 17
Suppose 4*t - 2024 = -7*t. List the prime factors of t.
2, 23
Suppose 2*w - 4*l = 3*w - 427, 3*w + 3*l - 1245 = 0. Suppose 3*f - 7*f + a = -320, -4*a - w = -5*f. What are the prime factors of f?
79
Let v = -15 - -21. Let y = 36 + v. List the prime factors of y.
2, 3, 7
Suppose -z + 3 = 0, -l + z = -z - 66. Suppose 5*u + 5*m - 130 = 0, -3*u - 2*m + l = 3*m. List the prime factors of u.
29
Let m = 6 - 2. Suppose -304*u + 299*u = 0. Suppose u = 4*b - 2*b + 5*q - 60, -4*b + 120 = m*q. What are the prime factors of b?
2, 3, 5
Let k be (0 - (-1137)/12) + 4/16. What are the prime factors of k/(-19) - (-191 + 0)?
2, 3, 31
Let q = -12 - -54. Let l = q + -22. Suppose -l = -6*u + 10. List the prime factors of u.
5
Let p(r) = 52*r**2 + r + 1. Let w be p(-1). Let l = 96 - w. Suppose -43 = -3*j + 2*x, 2*j - 4*x = 6*j - l. List the prime factors of j.
13
Let u(x) = -x**3 + 2*x**2 + 18*x + 12. What are the prime factors of u(-7)?
3, 109
Let n(l) = -13 + 38*l + 46 - 20. What are the prime factors of n(4)?
3, 5, 11
Let b(l) = 88 - 5*l - 17*l - 75 - l**2. List the prime factors of b(-19).
2, 5, 7
Suppose -3*j + 0*j = 33. Let q = 54 - j. Suppose 20 + q = 5*u. List the prime factors of u.
17
What are the prime factors of (49/21)/(1/804)?
2, 7, 67
Let h = 492 + 863. List the prime factors of h.
5, 271
Suppose -5*z = -0*z - 15. Suppose -j - 5*k + 787 = z*j, -2*j + 2*k = -398. What are the prime factors of j?
2, 3, 11
Suppose -14 - 8 = -w. Let h = 24 - w. Suppose 3*b + o - 126 = h*o, 2*b + 2*o = 76. List the prime factors of b.
41
Suppose -2*f = 2*s - 820, 0*s = -5*f + 4*s + 2068. What are the prime factors of f?
2, 103
Let z(y) = -y**3 + 14*y**2 - y + 7. Let a be z(14). Let v = -6 - a. List the prime factors of 12 + (2 + 2)*v.
2
Suppose -232*i + 16112 = -224*i. What are the prime factors of i?
2, 19, 53
Let j(k) = 7*k**2 + 13*k + 571. List the prime factors of j(-24).
7, 613
Suppose -3*n - 17 = -2*l, 3*n - 5*l + 17 = 6. Let g(q) = q**3 + 7*q**2 + 1. Let h be g(n). What are the prime factors of 26/(-4)*(h - 3)?
13
Let l(b) = 5*b**2 + 4*b + 25. What are the prime factors of l(-10)?
5, 97
Let y = -1 - -3. Suppose -3*c = -3, 0 = 3*i + y*c - 5*c + 267. List the prime factors of i/(-7) - 6/(-14).
13
Let t = 848 - -3355. List the prime factors of t.
3, 467
Let k(z) = -z**3 - 2*z - 79. Let l be k(0). Let c = l + 138. List the prime factors of c.
59
Let t = -45 - -2732. What are the prime factors of t?
2687
Let g(v) = 5*v**3 + 5*v**2 - 87. Let t(u) = 2*u**3 + 2*u**2 - 29. Let i(x) = -3*g(x) + 8*t(x). Suppose -8*p + 7*p = 0. List the prime factors of i(p).
29
Let d be (-2)/(-6) + 2626/6. Let k = -776 + 773. List the prime factors of d/24 - k/(-12).
2, 3
Let i = 183 - -42. Let t(v) = v**2 - 2*v - 3. Let o be t(3). Suppose -5*d = -o*d - i. What are the prime factors of d?
3, 5
Let x = -6 + 5. Let r = x + 3. Suppose 2*u - 2*g - 50 = 0, g + 46 = r*u - 3*g. What are the prime factors of u?
3
Suppose -20*l = -24*l. Suppose l = -2*r + 2. List the prime factors of 1 + -2 - (r - 67).
5, 13
Let r = -802 - -1241. List the prime factors of r.
439
Let c be 9/(-15) - ((-1404)/(-10))/6. What are the prime factors of c/18*(-1635)/10?
2, 109
Let j = 6 + 0. Suppose -8 = 4*w - j*w. Suppose 2*q - k = 5, -w*q + 15 = -2*k + 5*k. List the prime factors of q.
3
Let j(v) be the third derivative of -v**6/120 + 7*v**5/30 - 7*v**4/12 - 11*v**3/3 - 29*v**2. List the prime factors of j(12).
2, 7
Suppose h - 400 = 65. Suppose -5*k + h = -0*k. List the prime factors of k.
3, 31
Let y be -2 - 1/((-4)/16). Suppose -3*q = 15, 0*q - 520 = -5*s - y*q. Let k = 